. List the prime factors of w(7).
2, 149
Let f be ((-180620)/8)/(-11) + 3/(-6). List the prime factors of f/(-144)*(0/(-3) - 28).
3, 7, 19
What are the prime factors of (6125/(-196) - -30) + 1 + 56002/8?
2, 5, 7
Suppose -24*l + 25*l = -41. Let y = l + 40. List the prime factors of (y - 4/(-1))*(1 - -15).
2, 3
Suppose -12*r = -14*r. Suppose r = 3*x + 143 - 542. List the prime factors of x.
7, 19
Suppose -3*k + 42 = -4*f - 2, 0 = -5*k - 2*f + 82. Let g = k - -242. What are the prime factors of g?
2, 3, 43
Let g = -86 - -38. Let s = 74 + g. Suppose -s*j + 31*j = 650. List the prime factors of j.
2, 5, 13
Suppose -10*j + 14722 + 748 = 0. Suppose 13*p = 20*p - j. List the prime factors of p.
13, 17
Suppose 141*h - 745489 = 1260236. List the prime factors of h.
5, 569
Let g(w) = -4*w - 31. Let d be g(-9). Suppose o + 6 = -2*u + 4, 5*u - d*o - 25 = 0. Let v(x) = 65*x + 3. What are the prime factors of v(u)?
2, 17
Let n = 2813 + 5312. What are the prime factors of n?
5, 13
Let o be 0 + (1429/2 - (-1)/(-2)). Suppose 5*c = 0, 0 = -4*f + f + 4*c + o. What are the prime factors of f?
2, 7, 17
Let a be 1/(-5) - 22016/(-80). Suppose 4*j = -j - 3*n + 477, -3*j = -n - a. Suppose -j = -2*x - 9. What are the prime factors of x?
2, 3, 7
Let i = 1037 + -739. Let q = 559 - i. List the prime factors of q.
3, 29
Suppose 0 = 13*s - 71395 - 109981. What are the prime factors of s?
2, 109
Let a be 43505/49 - (-1)/7. Suppose 21*f - 25*f = -a. List the prime factors of f.
2, 3, 37
Suppose -5*y = -5*d - 28490, -6*y + 0*y = 3*d - 34242. What are the prime factors of y?
2, 23, 31
Let u be (-10)/(-8) - 27/180*-5. What are the prime factors of (-3022)/(2 + 4 - 16/u)?
1511
Let k = 80 - 35. Let z = 42 - k. What are the prime factors of 87 + -8 - (z - 0)*1?
2, 41
Let p(h) = -14*h**2 - 114*h - 14. Let m be p(-8). Suppose 4890 = 7*v - m*v. List the prime factors of v.
2, 3, 163
Let v = -1576 - -2688. Suppose 20*u - v = 16*u. Suppose -2*a + 576 = 4*o, 2*o = -2*a + 6*a + u. What are the prime factors of o?
11, 13
Suppose 53*s - 5185 = 48*s - 5*r, -3*s + 3101 = 5*r. List the prime factors of s.
2, 521
Let c(w) be the first derivative of -w**4/4 - 8*w**3/3 + 3*w**2/2 - 20*w - 5. What are the prime factors of c(-11)?
2, 5, 31
Let t(x) = -4*x**2 + 2*x - 36. Let c(m) = 13*m**2 - 7*m + 108. Let k(h) = 3*c(h) + 8*t(h). What are the prime factors of k(8)?
2, 3, 37
Let t(b) = -b**2 + 217*b - 4942. List the prime factors of t(27).
2, 47
Let s(y) = 123*y + 2. Suppose -5 = -5*v, 0 = -4*f + 5*v - 0*v - 13. Let q(j) = 41*j + 1. Let w(r) = f*s(r) + 7*q(r). List the prime factors of w(1).
2, 11
List the prime factors of 60079 + 20*5/50.
3, 7, 2861
Let o = -207 + 241. What are the prime factors of (o - 21) + (-4)/(-2)?
3, 5
Suppose 248 = 5*u + 608. Let n = -25 - u. What are the prime factors of n?
47
Let u(z) = 194*z**2 + 333*z - 4. What are the prime factors of u(-9)?
12713
Let b = 6508 + -4972. What are the prime factors of b?
2, 3
Let q(a) = -a**3 + 3*a**2 - 3*a + 5. Let z be q(3). Let u be ((-6)/z)/(3*(-2)/(-8)). What are the prime factors of u/(-3)*-3*(-4228)/(-56)?
151
Suppose -3*v - 434 = -2*w, w + 4*v = 3*w - 438. Let c = 58 + w. What are the prime factors of c?
269
Suppose -4*w + 3*l = -17936, -1113 = w + 5*l - 5597. List the prime factors of w.
2, 19, 59
Let z(s) = 12*s - 16. Let m be z(2). Let g(q) = 65*q - 102. List the prime factors of g(m).
2, 11, 19
Let l be 11/((-6)/28*16/(-24)). Suppose -4*y = 4*z + 424, z - 4*y + l = -24. Let p = z + 207. List the prime factors of p.
2, 3, 17
Suppose -m + 369 = -3*z, -4*z + 1959 = -134*m + 139*m. What are the prime factors of m?
3, 43
Let j = 520 - 562. Let m(i) = i**3 + 41*i**2 - 45*i - 24. List the prime factors of m(j).
2, 3, 17
Suppose 5173846 = 36*r + 9*r + 1413421. What are the prime factors of r?
3, 5, 619
Let s = 69 + -113. Let x = s + 41. What are the prime factors of 2/x + 256/6?
2, 3, 7
Suppose 5*v = -11*v + 176. List the prime factors of ((-1)/(-3))/(v/20262).
2, 307
Let a(v) = v**2 + 11*v - 3. Let t be a(-16). What are the prime factors of (36/63)/(2/t)?
2, 11
Suppose -2*d = -6*d - 2*w + 3176, 4*w = d - 767. List the prime factors of d.
7, 113
Let x(w) = -6*w + 76 - w**2 + 0*w**2 - 57. Suppose -4 = j + 3*s, -2*s = -4*j + 2*s - 32. List the prime factors of x(j).
2, 3
Suppose 8*k - 23821 = -3693. List the prime factors of k.
2, 17, 37
Let p(r) be the second derivative of r**4/6 - 2*r**3 + 35*r**2/2 + 114*r - 2. What are the prime factors of p(14)?
7, 37
Let k = 15 + -14. What are the prime factors of k*6 - (-53 - 18)?
7, 11
Let r(t) be the first derivative of -t**4/4 + 22*t**3/3 + 11*t**2 + 27*t - 4. Let o be r(22). Let s = -253 + o. What are the prime factors of s?
2, 3, 43
Suppose 2*o - 13993 = -s, -3*o - 131*s = -136*s - 20970. What are the prime factors of o?
5, 1399
Suppose 406 - 52 = -3*j. Let s = 163 - j. List the prime factors of s.
281
Suppose -5*q + 96 = -6*r + 3*r, 64 = -2*r + q. Let x be (-2 - r)*(-3 + 21). Suppose 10*m = 15*m - x. List the prime factors of m.
2, 3
Suppose 0 = 3*r - 4*b + 445, 48*r = 50*r - b + 305. Let o = r - -250. What are the prime factors of o?
5, 19
Let x be 255/20*(-16)/(-3). Suppose -26*v - x + 10364 = 0. List the prime factors of v.
2, 3, 11
Suppose 159735 + 56067 = 15*o + 4*o. List the prime factors of o.
2, 3, 631
Let x(y) = y**3 + 12*y**2 + 13*y + 16. Let a be x(-11). Let w = 99 - 44. Let t = w - a. What are the prime factors of t?
61
Let d(j) = -23*j - 121. Let r be d(-4). Let i(l) = 88*l**3 + l**2 - 1. Let h be i(-1). Let k = r - h. List the prime factors of k.
59
Suppose 0 = 10*l - 2*l + 504. Let z = 129 + l. What are the prime factors of z?
2, 3, 11
Suppose 3*n = -n - 4*y + 52, -2*n + 3*y = -11. Let l(i) = -21*i + n*i - 4 - 16*i + 9. List the prime factors of l(-4).
113
Let x = 4722 - -80. What are the prime factors of x?
2, 7
Let u = -410 + 785. Suppose n - 4*c - u = 0, c - 450 = -2*n + 318. What are the prime factors of n?
383
Let r(o) be the second derivative of 4*o**2 + 0 + 9*o - o**3 + 1/12*o**4. What are the prime factors of r(-7)?
3, 11
Let m(j) = 11*j**2 - 12*j + 46. Let u(z) = 2*z - 42. Let n be u(17). List the prime factors of m(n).
2, 3, 47
Let u(k) = 805*k**2 - 41*k - 57. What are the prime factors of u(7)?
61, 641
Suppose 7*j - 18 = 3. Suppose -j*k = 41 - 47. List the prime factors of -2 + (-102)/((-15)/(-12) - k).
2, 67
Let y(m) = 9*m**3 - 23*m**2 - 28*m - 19. What are the prime factors of y(18)?
7, 6359
Let z be (70/(-15))/((-3)/1530). Let j = -1322 + z. What are the prime factors of j?
2, 23
Let w(q) = q**2 - 9*q + 18. Let t be w(6). Let m(z) = 2*z + 3. Let h be m(t). Suppose -2*y = -h*y + l + 183, 3*l = -y + 183. List the prime factors of y.
3, 61
Suppose -2*k = -4*b + 24 - 4, 4*b = 5*k + 26. Suppose 29 = b*g - 1467. List the prime factors of g.
2, 11, 17
Suppose 0 = 9*m + n - 21032, 1 - 3 = 2*n. List the prime factors of m.
3, 19, 41
Let y(m) = -82*m - 1. Let d be 2/(-5) + (-36)/60. Let f be y(d). Let w = -45 + f. List the prime factors of w.
2, 3
Let f = 10109 - -9122. What are the prime factors of f?
19231
Let f(p) = 0*p - 2*p + 8*p**2 - p - 4 - 3*p**2. Let w be f(-2). Let x = w + 9. List the prime factors of x.
31
Suppose 30 = l + 32. Let m(u) = 6 + 7*u + 2*u**2 - 9*u**3 - 5 - 9*u - 6*u**2. List the prime factors of m(l).
61
Let p = 1853 - 1422. List the prime factors of p.
431
Let g(n) = n**3 + 6*n**2 - n - 3. Let p be g(-6). Suppose -4*s - 2*v + 8 = -p*s, v + 32 = 4*s. What are the prime factors of 2/s + (-3)/((-48)/124)?
2
Let a = -237 - -4350. Suppose -4119 = -5*s - 2*v, -14*s - a = -19*s + v. What are the prime factors of s?
823
Suppose -7*p = -15 - 20. Suppose -p*j + 0*j + 1470 = 0. Suppose -j = -3*k - 3*k. List the prime factors of k.
7
Let p be 9 + 2 - (6 + -1). Let s be (-13932)/36*1*(-2)/p. Suppose -2*x = 3*n - 225, 4*n = 4*x - 3*x - s. What are the prime factors of x?
3, 13
What are the prime factors of 12/4 + (1 - -4*2385)?
2, 1193
Let x(s) = -217*s + 66. Let l = 98 - 100. What are the prime factors of x(l)?
2, 5
Let v be (-3520)/(-132)*18/(-8) + -3. Let m be (-6)/4*(-64)/6. Let l = m - v. List the prime factors of l.
79
Let p(o) = -8*o**3 - 10*o**2 + o + 343. What are the prime factors of p(-13)?
2, 2027
Let n = -497 + 482. What are the prime factors of 